e 3*d + p = 9*d. Is d a composite number?
False
Let u(j) = -j - 7. Suppose 0*o = 5*o - 5*n + 70, 4*o + 3*n = -21. Is u(o) a prime number?
True
Suppose 54*y = -61856 + 317870. Is y composite?
True
Suppose 4*r - 3*h = h - 24, 0 = -3*r + h - 10. Let q be (-359)/(-2)*(2 - r). Let g = q + -165. Is g a prime number?
False
Suppose -367 = 5*h - 357. Is 1 - (h/(-3) + 6730/(-15)) a prime number?
True
Let t(i) = 15*i - 16. Let u = -71 - -73. Is t(u) composite?
True
Suppose 0 = 5*p + 5*i - 7515, 16*p + i = 17*p - 1511. Is p prime?
False
Suppose 18*k = 7*k + 20317. Is k a composite number?
False
Let s(v) be the first derivative of v**5/30 - 5*v**4/24 + v**3/3 - v**2 - 2. Let y(g) be the second derivative of s(g). Is y(-5) prime?
False
Suppose -2*y + 14 = 4*c, -3*c = 5*y - 15 - 13. Suppose y*l + 74 = 7*l. Is l composite?
False
Suppose 1 = -x - 4, -2*m = 3*x - 4805. Suppose -7*p + m = -943. Is p prime?
True
Is (-25208)/(-16) - (0 + 12/8) prime?
False
Suppose 3*g = 2*g - 19. Let i = g - -22. Suppose -2*f + 236 = -2*u - 278, -2*u - 767 = -i*f. Is f a composite number?
True
Let q(y) = y - 13. Let i be q(0). Let u(g) = 3*g**2 + 8*g - 8. Let v be u(i). Suppose 3*c - 4*c + v = 0. Is c a prime number?
False
Suppose 0 = -b + 3*g + 19, -4*g + 9 = -4*b - 9*g. Is 387 - b - (6 + -4) prime?
False
Let u(z) = 38*z**2 - 5*z + 34. Is u(-7) a prime number?
True
Let m(b) = b**3 + 4*b**2 + b - 7. Let j be m(-5). Let p = 70 + j. Suppose -5*w - 12 = 3*c - p, 3*w + c - 11 = 0. Is w composite?
False
Suppose 8*z + 48993 = 29*z. Is z a prime number?
True
Let f be (-15)/2*(-6)/(-5). Let o = f - -8. Is (o - 141)/(-11 + 9) a prime number?
True
Let r(t) = -95*t. Let m(u) = u**2 + 8*u + 6. Let v(g) = -g**3 - 6*g**2 - 3*g + 3. Let x be v(-5). Let o be m(x). Is r(o) a prime number?
False
Suppose 0 = 4*u - 4*a - 73584, -4*u = u + 4*a - 91935. Is u composite?
True
Suppose -70592 - 1717 = -2*b + 5*k, -2*b = -k - 72329. Is b a prime number?
False
Let v be (1384/(-3))/(-2)*(-30 - -21). Let t = -1147 - v. Is t prime?
True
Suppose -56 = -3*x + 55. Suppose -2*n - x = -5*n - 4*f, -2 = f. Is n a prime number?
False
Let c(i) = -i**3 - 12*i**2 - 64*i + 49. Is c(-22) a prime number?
False
Suppose -5*i - 4125 = 3*y - 2*i, 0 = y + 3*i + 1383. Let o = y - -1928. Is o a composite number?
False
Let w = -17 - -16. Let y be (-296 + -1 + w)/(-1). Suppose -263 = -3*b - 2*p, 0 = 3*b - 7*p + 2*p - y. Is b composite?
True
Suppose -118 = -2*w + l, -4*w + 5*l + 236 = l. Let r = 141 - w. Is r a composite number?
True
Suppose w - l = 9, -w + 3*w + 4*l = -6. Let j = w + -5. Is (j - -13)*(5 - 0) prime?
False
Let z(v) = -604*v**3 - 9*v**2 - 12*v - 17. Is z(-4) prime?
True
Is 4818 - -4*35/(-28) a prime number?
True
Suppose -5*w + 3*q = -30, -w + 28 = 2*q - 7*q. Suppose -3*k - 1433 + 4612 = 2*h, -w*k - 3209 = -2*h. Is h composite?
False
Let q = 167 - 306. Let l = 9 + -105. Let p = l - q. Is p composite?
False
Let n(a) = 44*a + 51. Is n(44) a composite number?
False
Let c = -24 + 30. Suppose 207 = -5*h + c*h. Is (-955)/(-9) + (-23)/h composite?
True
Suppose -424 = -0*b + 2*b. Let a = -79 - b. Is a a prime number?
False
Let b = -7826 - -12117. Is b a composite number?
True
Suppose 3*a + 30286 = 3*n + 7*a, 0 = n + 4*a - 10082. Is n composite?
True
Suppose -n = 4*n + 40. Let o be (3 - 228/n)*-2. Let z = 100 + o. Is z a prime number?
True
Let h = 10642 - -6307. Is h composite?
True
Is (2 - -2405) + 0/2 prime?
False
Let w(t) = -1136*t + 51. Is w(-16) a composite number?
True
Suppose 3*o - 7*o + 5*t = -26, -22 = -3*o + 5*t. Suppose j - o*y - 683 = 0, j - y - 3510 = -4*j. Is j prime?
False
Let u(q) = 112*q**2 - 2*q - 6. Let l be u(4). Is l*((-10)/(-4) - 2) a composite number?
True
Let j be ((-1)/3)/((-3)/153). Let f be (0 - j) + 0/(-1). Is (97/(-4))/(f/68) prime?
True
Let t(g) = -10*g**3 + 8*g**2 + 7*g - 9. Is t(-14) prime?
True
Let j be 44/154 + 80/14. Suppose -8*a = -j*a - 5568. Suppose 4*w + 16 = 0, 0*w = 4*z + w - a. Is z prime?
False
Suppose j = 2*h + 1841, 5*j - h = 10555 - 1323. Is j a prime number?
True
Suppose 3*h = 23*h - 111880. Is h prime?
False
Let r = 351 + -235. Suppose -4*p = r - 1112. Is p composite?
True
Let i(c) be the third derivative of -5/6*c**3 - 79/24*c**4 + 0 + 9*c**2 + 0*c. Is i(-6) a prime number?
False
Suppose -8*i + 7*i - 10 = 0. Let f = i + 12. Suppose f*h - 19 = 19. Is h composite?
False
Let s(h) = 2 + 0 + 0 + h. Let o be s(-1). Is 3*(o + (-128)/(-6)) a composite number?
False
Let s = -281 + 948. Suppose s = 4*r - 789. Suppose -t + r = -f + 4*f, 0 = -2*f - 5*t + 221. Is f composite?
True
Let c(x) = 749*x - 1. Let j(g) = 749*g. Let b(z) = -2*c(z) + 3*j(z). Is b(1) prime?
True
Suppose -13*k - 42 = -6*k. Is (k*79/4)/((-5)/10) a composite number?
True
Let a(i) = 537*i**2 + 94*i - 632. Is a(7) a prime number?
True
Suppose 0 = -3*r + 9. Suppose n + 4*n = x + 2, -5*n = -r*x + 4. Is (-14 - x)/(1/(-19)) a composite number?
True
Let x(f) = -51*f**2 + 25*f - 5. Let j(d) = 25*d**2 - 12*d + 2. Let o(s) = 5*j(s) + 2*x(s). Is o(7) prime?
False
Suppose 19 = 4*z + 7. Let c(h) = 24*h**3 + 2*h**2 + h. Is c(z) composite?
True
Suppose 0 = 2*z - 3*j - 16, -z = -j - 6. Suppose -4*b = 5*a - 5377, z*a - 2148 = -4*b + b. Is a prime?
False
Suppose -186*o + 193*o - 7021 = 0. Is o composite?
True
Suppose 0*c + 990 = 2*c. Suppose c = y - 130. Let l = y - 356. Is l composite?
False
Let w be (3 - 1) + (-9 - -22). Suppose -2*q - w = -5*q. Suppose -4*x = -2*g - 528, 0*x - 665 = -5*x + q*g. Is x a composite number?
False
Let i be (-2 - 4*409)*3/6. Let t = i - -1570. Is t a prime number?
True
Let w(p) = -p**3 + 28*p**2 + 19*p + 11. Let q be w(23). Suppose 5*m - q = 2*m. Is m a prime number?
True
Suppose -13 = -3*j - 4. Suppose 6*l - 1497 = j*l. Is l a composite number?
False
Suppose 0*z + 4*l = 4*z - 117520, -58763 = -2*z + l. Is z a composite number?
False
Let f = 13 + 8. Let s be (-4)/6*-1*f. Is 158/s - (-12)/(-42) a composite number?
False
Is (8/(-48)*-113891)/(2/12) composite?
False
Suppose 5*x - 2179 = -784. Suppose i = -3*a + 1351, -i + 1072 = 5*a - x. Is i a composite number?
True
Let k be (-33654)/(-15) + (-2)/(-5). Suppose -4*a = -k + 360. Is a a composite number?
True
Suppose -7*y = -3*y - 24. Suppose m + 16 = y*m - 4*b, -4 = -4*b. Suppose 0 = -m*g + 5*t + 888, 2*g + 0*g + 5*t = 414. Is g prime?
False
Suppose 2*u - 2 = 4. Suppose -15 = -3*k - u. Suppose 268 = 6*m - k*m. Is m prime?
False
Let g(y) = 3*y**2 - 8*y + 2*y**2 + 4*y**2 - y**3 + 5 - 2. Let r be g(8). Suppose -r*l = -6*l + 255. Is l composite?
True
Suppose l = 3*l - 12. Suppose 3173 = l*w + 263. Is w prime?
False
Let h be (20/30)/(2/(-3)). Let k be (3 - 9/(-3)) + h. Suppose -4*m + 322 = -k*s, -s - 164 = -4*m + 166. Is m a prime number?
True
Suppose 17*i - 19143 = 10284. Is i composite?
True
Suppose -c - 4*c = -o + 862, -694 = 4*c - 3*o. Suppose f + 420 = 117. Let j = c - f. Is j a composite number?
False
Is (28483/(-39) - 5)*3/(-2) a prime number?
True
Suppose -3*h - 687 = -0*h. Let q be (-200)/(-6)*29/((-1450)/(-660)). Let u = h + q. Is u prime?
True
Suppose 0 = -9*p - p + 10. Is (-2 + p/1)*(-580 + -7) prime?
True
Suppose -2 = -4*c + 3*c. Let w(o) = 19*o**2 + 12*o**2 - 3 + 21*o**2 + c + 2*o. Is w(1) composite?
False
Suppose -2*l = -6*l. Suppose y - 2*a - 411 = l, 2*y - 4*a - 830 = -2*a. Is y composite?
False
Let t(m) = 128*m + 1. Is t(6) a composite number?
False
Let r(n) = -5 - n**3 + 3*n + 3*n - 4*n - 4*n**2. Suppose -5*p = -3*j + 42, 35*p - 37*p + 5*j = 32. Is r(p) a composite number?
True
Let k = -20 + 25. Suppose 14 = -4*q - 6, -k*s + 19295 = -5*q. Suppose -i + s = -j + 4*j, 5*j - 5*i - 6390 = 0. Is j prime?
True
Let m = 26347 + -12698. Is m a prime number?
True
Let s = -3 - -6. Let x be s + 1 + 5/(-5). Suppose 5*l - 1667 = -3*o, -l - 94 + 413 = -x*o. Is l a prime number?
True
Let p = -93 - -81. Is 477/(-6)*p/9 prime?
False
Let q(o) = -o**3 - 16*o**2 - 24*o + 23. Is q(-16) a prime number?
False
Let a(h) = -3*h**2 - 7*h - 8. Let l be a(-3). Is (-2288)/l + (-15)/35 a prime number?
True
Is 6/(-22) - (-4402308)/33 prime?
True
Let n = -906 - -1567. Let s = 1922 - n. Is s a composite number?
True
Let j be 12/(-15) - (-27716)/20. Suppose 12*l = 13*l - j. Is l a prime number?
False
Suppose 3*k - 20685 = -6951. Let x = k - 2923. Suppose 8*c - 3*c = x. Is c a prime nu